 4*p**3 + 10*p. Let o be n(11). Calculate h(o).
-13
Let k(n) be the third derivative of -5*n**4/24 + 2*n**3/3 + n**2. Let g be 0/(8 + -36) + 1*-3. Determine k(g).
19
Let y(f) be the first derivative of -f**2/2 - 5*f + 431. What is y(4)?
-9
Suppose 5*f - f - 224 = 0. Let k(j) = -1 - f*j**2 + 3*j**3 + 56*j**2. Let q be k(-1). Let a(d) = d**3 + 2*d**2 - 5*d + 2. Determine a(q).
-10
Let a be 6*2*6/(-36). Let y(p) = -p**2 + p + 5. What is y(a)?
-1
Let r(x) = -3*x**3 + 8 - x**2 + 2*x**3 - 4 + 8. Let y = 69 - 69. Calculate r(y).
12
Let v(g) = 5*g**2 + g - 8. Let q(t) = -t**2. Let u = -58 - -64. Let c(y) = u*q(y) + v(y). What is c(0)?
-8
Let j(g) = -7*g - 1. Suppose 0 = -11*r + 8*r. Suppose r = -f - 2 - 5. Let d = 6 + f. What is j(d)?
6
Let c be (0/(-1))/1 + 8/4. Let y(o) = -12*o**2 + 2*o + 1. Determine y(c).
-43
Let v(l) = 5*l + 1949 - 1976 + l. Give v(5).
3
Let z(k) = -k - 4. Suppose 0 = s - 4*s - 5*v - 25, -2*s + 4*v = -20. What is z(s)?
-4
Suppose -z = -3*t - 4*z + 27, 2*z - 10 = 0. Let c be ((-3)/6)/((-2)/8). Let o(j) = -2 - 5*j**3 + c*j**3 - t*j**2 + 4*j**3. What is o(3)?
-11
Suppose 5*g + 3*t = 0, 4*g + 3*t + 2*t = 13. Let v be (g - 20/25) + (-3)/15. Let i(h) = -2*h**2 - 5*h + 2. Give i(v).
-10
Let p = -21 + 17. Let z(b) be the first derivative of 0*b - 3 + 1/3*b**3 + 5/2*b**2. Calculate z(p).
-4
Let r be 4/6*3/2. Suppose t - 2*t - r = 0. Let z(x) = 10*x**3 + 3*x - 1. Let a(b) = 8*b**3 + 2*b - 1. Let p(w) = 3*a(w) - 2*z(w). Calculate p(t).
-5
Let z(q) = 2*q**2 + q**3 - 3*q - q + 3*q. Suppose -2*g = 5*v, -4*g = 2*v - g + 11. Suppose -2*t - 4 = v. Calculate z(t).
-6
Let p(f) be the first derivative of f**4/4 + 20*f**3/3 - 11*f**2 - 18*f + 643. What is p(-21)?
3
Suppose 4*p = 2*v + 8, -v + 6*v + 4*p - 22 = 0. Let z(b) = -6*b + 10*b - 5*b + b**2. Determine z(v).
2
Let t(z) = 4*z**2 - 13*z + 1. Let d(s) = s**2 - 2*s + 1. Let x = 92 + -91. Let k(n) = x*t(n) - 5*d(n). Suppose -i = 0, -l - 4*i = -6*i + 3. Calculate k(l).
-4
Let m(c) = -c**3 + 8*c**2 - 2*c + 12. Let b be m(8). Let w = -22 - -31. Let l(p) = -5*p + 5*p**2 - w*p**2 + 2 + 7*p - p**3. Calculate l(b).
-6
Suppose -4*m - 54 = -3*g, 0 = 4*g - 7*g + m + 54. Suppose 4*x + g = -5*x. Let v(h) = -h**3 - 2*h**2 - 4*h - 3. Determine v(x).
5
Let w be -395*(0/3 + 6/(-15)). Let c(l) = 154 + 4*l - w - l. What is c(-4)?
-16
Let v(q) be the second derivative of 1/3*q**4 + 0 + 1/6*q**3 + 2*q**2 - 6*q + 1/20*q**5. Suppose -2*l + 4*z = -6*l - 16, -4*l + 3*z - 16 = 0. Give v(l).
0
Let w(s) = s**2 - 6*s + 15. Let m be w(3). Let f(i) = m*i - 12174 + 12174. Give f(2).
12
Let a(m) be the first derivative of m**3/3 - m**2/2 + 210. Determine a(4).
12
Let c(j) = 4*j**2 + 1. Let i be c(1). Suppose 3*s + 27 = 3*t + 6*s, -3*t + i*s + 51 = 0. Suppose -a + t = a. Let z(d) = -d + 5. What is z(a)?
-1
Suppose -4*q + 3*q + 3 = 0. Let a(c) = 4*c + 3. Give a(q).
15
Suppose -15 = 909*o - 914*o. Let f(p) = 3*p**2 + 3*p. Determine f(o).
36
Suppose -23*l - 7*l + 120 = 0. Let r(p) = 4*p - 9. Calculate r(l).
7
Let c(v) = -v**3 - v**2 - v + 5. Let n(p) = -4*p**3 - 5*p**2 - 4*p + 21. Suppose 0 = 11*j - 5*j + 12. Let h(f) = j*n(f) + 9*c(f). Give h(0).
3
Let b(h) = -4*h - 2. Let t(n) = -n + 6. Let p be t(8). Calculate b(p).
6
Let d(j) = j**2 - j - 5. Suppose 50*p = 20*p - 120. Give d(p).
15
Let n = -2 + 7. Suppose -4*h - 8 = 5*p, -3*p - n = 5*h + 2*p. Let s(c) = 4*c - 1 + c**h - 1 + 3 - 6*c**2 + 0*c. Determine s(5).
-4
Suppose -4*q + 36 = -4*w, 14*q - w = 16*q - 24. Let t(a) = -a**2 + 11*a - 10. What is t(q)?
-10
Let c(s) be the third derivative of s**5/60 + 3*s**4/8 + s**3/3 + 2*s**2 - 40*s. Let k be (-6 + 13)/(-2 - -1). Give c(k).
-12
Let k(q) be the first derivative of -q**4/4 - 2*q**3/3 + q**2 - q - 28. Determine k(-3).
2
Let f(t) = -t**3 - 8*t**2 - 9*t + 6. Let p be f(-7). Let u(b) = -p*b - 22*b + b**2 + 37*b - 6. Determine u(5).
-6
Let d(k) = 2*k**3 + k**2 - k + 1. Let t be d(1). Let c(f) = 3 - 92*f + 40*f**3 - 3*f**2 + 87*f - 39*f**3 - 1. What is c(t)?
-13
Suppose m - 5*b + 40 = 0, 44 = -3*m + 5*b - 36. Suppose -5*h - 108 = -h. Let k = h - m. Let d(z) = 2*z + 9. Calculate d(k).
-5
Let k(u) = 5*u - 3. Let y(r) = -2*r. Let g(f) = 4*k(f) + 9*y(f). Give g(8).
4
Let f be (20/25)/(2/5). Let h(v) = 8*v**2 - 5 - 5 - f*v**2 + v**3 - 6*v + 4. Determine h(-7).
-13
Let l(r) = r**3 - 6*r**2 - r + 7. Suppose -m - 26 = -5*w, -2*m + 10 = w - m. Determine l(w).
1
Let j(d) = 19*d. Let b(p) = -6*p - 383. Let u be b(-64). Give j(u).
19
Let i(g) = g**3 - 2*g**2. Let q be i(2). Let h(m) = -5 - m + 6 + q - 4. Determine h(4).
-7
Suppose 1 - 21 = 2*x - 2*u, 0 = -4*x - 4*u - 8. Suppose 0 = -3*m + 28 - 13. Let y(g) = 5*g - m*g**3 + g**3 + 14*g**2 + 3*g**3 + 3 - 19*g**2. Calculate y(x).
9
Let k be 5*-1*4/(-10). Let l(d) = -3 + 0*d - 5*d + 0*d - 3*d**k. Let w = -91 + 88. What is l(w)?
-15
Let p(d) = -d**3 - 7*d**2 - 7*d - 4. Suppose -7*z - 16 = -3*z, -8 = 4*u - 3*z. Calculate p(u).
-19
Let t(h) = 15*h - 6. Let k(p) = 13*p - 5. Let l(b) = 6*k(b) - 5*t(b). What is l(-6)?
-18
Let c(i) be the second derivative of -5*i**4/4 - i**3/6 + i**2/2 - 438*i. Let s(f) = -f - 1. Let q be s(4). Let p = q - -6. What is c(p)?
-15
Suppose q = 6 - 1. Let j(v) = 3*v**2 + 8*v + 2. Let p(n) = -2*n**2 - 7*n - 2. Let m = 18 - 22. Let y(w) = m*p(w) - 3*j(w). Give y(q).
-3
Let m(s) = 2*s - 17. Let f be m(12). Let o(v) = v - 5. Let a be o(f). Suppose 4*k + a = 6. Let b(c) = -11*c**3 + c**2 - c. What is b(k)?
-11
Let r(i) = -i**3 - 5*i**2 + 4*i - 6. Suppose 42*k - 66 = -318. Give r(k).
6
Let t(h) = -h + 11. Let n = 171 - 156. What is t(n)?
-4
Suppose 66 = 2*f + 44. Let d(k) be the third derivative of k**4/8 + 3*k**2. Let s(p) = -5*p + 1. Let x(l) = f*d(l) + 6*s(l). What is x(-6)?
-12
Let c be -3 - -1 - 6*-27. Let k = c + -154. Let u(w) = -w**3 + 6*w**2 + 3*w - 3. What is u(k)?
15
Let p(m) be the third derivative of 0*m + 14*m**2 - 1/15*m**5 - 7/6*m**3 + 0 - 5/24*m**4 + 1/120*m**6. Let a(g) = -2*g - 7. Let l be a(-6). Give p(l).
-7
Let d(a) be the third derivative of 0*a + 0 - 5/6*a**3 + 5*a**2 - 1/24*a**4. Give d(-5).
0
Let w(u) = u - 6. Suppose 0 = -2*p - 3 - 1. Let l(f) = -2*f**3 + f**2 - f - 2. Let i be l(p). Suppose -b + 2*y = 3*b + 10, -b = -5*y - i. Give w(b).
-11
Let z(a) = a + 9. Let d be z(-4). Let k(h) = -h**2 + 3*h + 481. Let v(m) = m**2 - 3*m - 402. Let i(f) = 5*k(f) + 6*v(f). Give i(d).
3
Let q be 2 + -1*(-3 + 7). Let g(x) = -3*x**2 + 8*x + 3. Let h(v) = v**2 - 4*v - 2. Let d = -4 + -1. Let r(l) = d*h(l) + q*g(l). What is r(-4)?
4
Let l(v) = -11*v**2 - 24*v - 27. Let g(k) = 14 + 16*k - 2*k**2 + 4*k**2 + 4 + 5*k**2. Let t(u) = -8*g(u) - 5*l(u). Calculate t(-6).
3
Let t(g) = 9*g**3 + 2*g + 0 - 2 + 1. Let l be 1/(-3*(-4)/12*1). Determine t(l).
10
Let g(c) = c**3 + 5*c**2 - 9*c - 2. Let f(y) = -2*y**2 + 101*y + 203. Let q be f(-2). Determine g(q).
-37
Let v = -41 + 63. Let d = v + -4. Suppose 4*f - 3*h = f + d, -4*h = -5*f + 31. Let a(p) = -p**2 + 6*p + 10. What is a(f)?
3
Let t(s) = -54 + s + 25 + 21. Determine t(6).
-2
Let g(k) be the first derivative of k**5/120 - k**4/12 + 11*k**3/3 - 11. Let r(v) be the third derivative of g(v). Let f = 8 - 2. Determine r(f).
4
Suppose -2 = 2*t - 4*c, -5*t + 93 - 98 = -3*c. Let d be (-4)/10*(-20 - 0). Let i(x) = -1 - d*x**2 - 8*x**2 + 4*x**2. What is i(t)?
-13
Suppose 9 = -7*l + 10*l. Suppose 0 = l*u + 5*g + 7, -4 = 3*g + 2. Let o(q) be the second derivative of -5*q**4/12 + q**2/2 - 4*q. Determine o(u).
-4
Let m(o) = 13*o**3 + 12*o - 5. Let x(f) = 37*f**3 - f**2 + 35*f - 14. Let w(k) = 17*m(k) - 6*x(k). Let g be -5 + 2 + 2 + 6. Determine w(g).
-6
Suppose 6 = -n + 3*n. Let m(h) = -4*h + 0*h + n - 2*h + 7*h. Give m(-2).
1
Let x(u) = -3896*u**3 + 3897*u**3 + 0*u - 2*u + 5*u**2 - 3. Determine x(-5).
7
Let w = -4 - -23. Suppose -5 + w = -2*r. Let z(i) = i**2 - 2*i**2 - 7*i + 80 - 38 - 48. What is z(r)?
-6
Let n = -341 + 339. Let b(a) = 7 - 7 - 6*a**2 - 3*a. What is b(n)?
-18
Let d(q) = -3*q + 2. Let r be d(-2). Let h(f) be the third derivative of -f**5/60 + f**4/4 + 2*f**3/3 + 447*f**2 + 1. Calculate h(r).
-12
Let d(i) = i**3 - 2*i - 1. Let j be (-4)/20*((-8)/4 - -2). Calculate d(j).
-1
Let o(c) = 2*c**3 - c**2 + 1. Let z be (-72)/10 - -7 - 14/5. Calculate o(z).
-62
Let r(s) be the third derivative of s**6/120 - s**5/60 + s**4/24 + s**3/3 - s